*w - 64. Let f be u(25). Suppose f*o + 12 = 15*o. Suppose -k + o*b + 454 = 0, 3*k + 4*b = 580 + 821. Is k composite?
False
Let c(s) = -2839*s - 2. Let d(r) = 4259*r + 3. Let x(w) = 7*c(w) + 5*d(w). Is x(1) a prime number?
True
Suppose i = -5*g + 12, -2*i - 3 = -7. Let d(n) = 144*n**3 + 2*n**2 - 3*n - 3. Is d(g) a composite number?
False
Let d(z) = 973*z**3 - 5*z**2 - 108*z + 325. Is d(3) prime?
True
Let z = 603395 + 270096. Is z composite?
True
Let c be ((-4)/(-10))/(16/109280). Is -1 + 7 + c + 11 a prime number?
True
Let j(x) = -x**3 + 14*x**2 + 15*x - 20. Let w be j(17). Let z be (w - -1)/(-23 - -22). Is (-6)/(-18)*12 + z a composite number?
True
Let l(g) = 152*g**2 - 2*g - 19. Let i = 229 - 234. Is l(i) prime?
False
Suppose -354*m = -373*m + 89281. Is m a prime number?
False
Let o(u) = 84959*u + 8849. Is o(4) a composite number?
True
Let p be 0/(-1) - 198/3. Let n = p + 63. Let j(k) = -37*k**3 - 4*k**2 - 3*k - 1. Is j(n) a composite number?
False
Suppose -2*m + 10*h - 9*h + 181317 = 0, 0 = 2*m + 2*h - 181332. Is m composite?
True
Suppose 25*f = -6*f + 1833929. Is f prime?
True
Suppose -24*b + 220 = -44. Suppose b*w + 2*w = 35711. Is w a prime number?
False
Let y be 2 - -5 - 4705 - -1. Let u = y + 7990. Is u a composite number?
True
Is (3/(-2))/(16 - (-36035190)/(-2252196)) composite?
True
Let t = 240 - 235. Suppose x + 54282 = 2*b, -160745 + 25018 = -t*b - 3*x. Is b prime?
True
Suppose -7*g - o + 159052 = -4*g, -2*o = 4*g - 212070. Is g prime?
True
Suppose 48*w - 1108041 = 938727. Is w a composite number?
False
Suppose 0 = -158*s + 161*s - 2154111. Is s a prime number?
False
Suppose 10 = -4*j - 2*p - 10, -5*j + 2*p = 43. Is ((-2444)/7 + 1)*j prime?
True
Is ((-265)/(-45) - 6)*0 - -18587 a prime number?
True
Suppose -1094*y - 57076360 = -1134*y. Is y a prime number?
False
Let d = 18664 + 21643. Is d a composite number?
True
Let a be (-15 - 0)*24/(-72). Suppose 5*n - 35696 = -a*o + 11734, -5*o = n - 47434. Is o composite?
True
Let n(k) = 18*k**2 + 33*k - 55. Is n(-32) prime?
True
Let p(x) = -14185*x**3 + 4*x**2 + 6*x + 4. Let w be p(-2). Suppose -w = -41*n + 25*n. Is n a prime number?
False
Let u be -7 - (-19 - -25) - -10. Suppose -23 = -2*l + 5*m, -l + 3*m = 2*m - 7. Is (2 - l) + (1216 - u - 4) a prime number?
True
Suppose 0 = -0*h - 5*h + 8635. Suppose t - h = -2*g, 5*g - 2*t = -4*t + 4316. Is g a prime number?
False
Let m(h) = -h**3 + 32*h**2 - 88*h + 46. Let b be m(29). Suppose b*k = 260324 + 78197. Is k a composite number?
False
Suppose 0 = 337*s - 350*s + 3731. Let b(x) = 77*x - 1. Let y be b(1). Let t = s - y. Is t a composite number?
False
Let i be 2 + (-78057)/(-5) - 2/5. Let z = 29108 - i. Is z composite?
True
Is (1341406242/(-88))/(-33) - -5*2/8 prime?
False
Let w(o) = o**2 - 4*o - 10. Suppose -2*l + 15 = -7*l. Let d be w(l). Suppose d*x - 13349 = -1590. Is x a composite number?
False
Is -1 + 18/10 - (-22 + (-194282)/10) prime?
False
Is ((-315)/(-6))/7*22/33 - -19374 a composite number?
False
Suppose 0 = 29*a - 34*a. Suppose -4*o = 16, x - 3*o - 20 + 3 = a. Suppose v - 643 = -x*h - 3*v, -506 = -4*h + v. Is h composite?
False
Let s = -2505 - -15922. Suppose -15*u + 11*u + 5*a + 53608 = 0, u = 5*a + s. Is u a prime number?
True
Suppose 6 - 3 = -3*w. Let k be ((-1)/(-3))/(w/(-52698)). Suppose 9*r = -2599 + k. Is r a prime number?
True
Suppose -14*c = 10*c. Suppose c = -13*k + 190695 - 28988. Is k a composite number?
True
Let g(f) be the second derivative of 47*f**4/4 + f**3/2 + 7*f**2/2 - 3*f - 3. Is g(-14) a prime number?
False
Suppose -120 = 3*a - 342. Let y be a/14 - (-60)/(-210). Suppose -4*n + 10955 = 5*u - 0*n, -4*u - y*n + 8755 = 0. Is u prime?
False
Let q(t) = -2*t**3 - 40*t**2 + 7*t + 43. Let j be q(-19). Let i = -403 - j. Is i composite?
False
Suppose 4*c - 79411 = -3*g, 132367 = 5*g - 8*c + 7*c. Is g composite?
True
Let m = -77684 + 940155. Is m composite?
False
Is 34361 + -1*(-24)/2 a composite number?
True
Suppose 15*w - 147206 = -6341. Is w a prime number?
True
Let w(v) = 2*v**3 - v**2 - 3*v - 5. Let x(p) = p**3 - p**2 - 3*p - 4. Let g(y) = 2*w(y) - 3*x(y). Let u be g(-1). Is ((-148)/12)/(u/93) a composite number?
True
Suppose 0 = 8*m - 0*m + 48*m - 17948168. Is m composite?
True
Let h(n) = n + 28. Let a(x) = 2*x + 70. Let d(p) = -5*a(p) + 12*h(p). Let w be d(10). Is (-2)/(3*w/(-18405)) a prime number?
False
Let g = -186 + 190. Suppose 0*c - 5*l - 2746 = -2*c, -g*l = -4*c + 5468. Is c prime?
False
Let v(z) = -3*z**2 - 22*z - 6. Let n be v(-8). Let i = 42 + n. Let s = i - -3. Is s prime?
True
Suppose 2*l + 3 = 11. Suppose 33066 = 4*g - u + 6*u, 33082 = l*g - 3*u. Is g a composite number?
False
Let h = -243 + 247. Let s be 4 + -1 - (-2)/(-2). Suppose o - s*l = l + 1042, 0 = o + h*l - 1042. Is o prime?
False
Let s(b) = 3*b**2 - 14*b + 44. Let a be s(6). Let g = a - 63. Is (g - 8) + (-1340)/(-2) prime?
False
Suppose -17 = -b + 2*j, -3*b - 5*j + 145 = 39. Suppose o = 3*s + 17951, -2*s - 35910 = -29*o + b*o. Is o a composite number?
False
Let g = -135 + 139. Suppose g*f = 15*f. Suppose -3*q - q - 1465 = -p, f = -4*p + 2*q + 5902. Is p composite?
True
Suppose 0 = -3*r - 2*d + 506, -4*r + d = -0*d - 671. Suppose 19*k + r = 15*k. Is 258/3*k/(-12) prime?
False
Let c = -61 + 63. Suppose -z - 1087 = -c*z. Is z a composite number?
False
Let v = 569933 - 298566. Is v a prime number?
True
Let j be 275/95 - 16/(-152). Suppose -3*o = -j*q - 2685, 3*q = o - 317 - 578. Is o prime?
False
Suppose 5*n = 32*n - 56457. Suppose 3*q - o = -q + 8399, 0 = -q + 2*o + n. Is q a composite number?
True
Let c = -97 + 107. Is c/(-4)*15/((-45)/4722) a prime number?
False
Let j = 11845 - 6372. Is j composite?
True
Let y = 1499 - 33267. Let i = -13613 - y. Is i a composite number?
True
Let j = 37899 + 22570. Is j composite?
True
Let f = -132067 - -195180. Is f a composite number?
False
Let q(m) = 6377*m**2 + 85*m + 449. Is q(-5) a prime number?
False
Suppose -14472 = 5*u + 3*r, -10*r + 7*r = -5*u - 14478. Suppose 2*z - 1 = -5*s, s + 6 + 12 = -3*z. Is (-24)/42 + u/z composite?
True
Let c(h) = 118*h - 3. Let w be c(5). Suppose -4*v = -4*k - 188, 80 = -4*v - 5*k + 232. Suppose 44*y - w = v*y. Is y a prime number?
True
Let f = 8053 + -4455. Let q = f + -2132. Is q a composite number?
True
Let f(g) = 20952*g**2 - 60*g + 185. Is f(4) a prime number?
False
Let j = -1055 - -406. Let x = j - -964. Is x/10 - (-2)/(-4) prime?
True
Let j(p) = -p**2 + 5*p + 3. Let z be j(2). Suppose z*x - 15*x = -12594. Is x a composite number?
False
Let p(x) = 159*x**2 - 30*x - 16. Suppose -i = 2*i - s + 16, 3*i = 3*s - 18. Is p(i) composite?
True
Let c(i) = 1064*i - 2845. Is c(18) a composite number?
True
Let u(o) = 9177*o + 3068. Is u(13) prime?
False
Suppose 0 = 5*d - 3*d, 2*b - 3*d = -12354. Is 1 - 4 - b - 60/(-12) a prime number?
False
Let c = 18 + -29. Let j = 10 + c. Is (5 - 2) + (-1434)/j prime?
False
Let h(p) = -348*p - 65. Let k be ((-19)/(-2))/((-22)/44). Is h(k) prime?
True
Let i(o) = 6*o + 76. Let z be i(-12). Suppose 3*t - 2*t + 5*l = 4099, -z*l - 16444 = -4*t. Is t composite?
True
Suppose 31 + 32 = 9*q. Let x(m) be the first derivative of 7*m**3 + 8*m**2 + 6*m - 5. Is x(q) prime?
False
Suppose 8*q - 287023 - 304237 + 206212 = 0. Is q a prime number?
True
Let x be (2 - (-45)/(-20)) + (-6)/(-24). Is x + (-4)/(-18) + 448609/63 a prime number?
True
Let t(z) = -11844*z + 551. Is t(-6) prime?
False
Suppose 0 = 5*i - 5*w + 3890, -w + 1660 + 664 = -3*i. Let h = 1010 + -1466. Let t = h - i. Is t a prime number?
True
Suppose 1706007 + 2029298 = 36*k - 2085283. Is k prime?
True
Suppose -623128 = -2*a + 5*k - 155976, 0 = 5*a + 5*k - 1167985. Is a a composite number?
False
Let g(s) = -2*s**3 - 4*s - 4. Let o be g(-1). Let t be 8/1 + (-12)/o + 4. Let p(l) = -l**3 + 12*l**2 + l + 13. Is p(t) a composite number?
True
Suppose 4*a - 190381 = 2*g + 3*g, 2*g = 2*a - 95192. Is a a prime number?
True
Let k(x) = x**2 - 8*x + 15. Let q(y) = 2*y**2 - 17*y + 31. Let m(s) = -5*k(s) + 2*q(s). Let t be m(8). Let z = t - -62. Is z a prime number?
False
Suppose -11*o + 329356 = 4*v - 16*o, -3*o = -4*v + 329356. Is v composite?
False
Let n = 511 + -506. Suppose -5 = -n*c, -2*c - 9047 = -j + 1356. Is j a composite number?
True
Suppose 3*q = -5*r + 40493, 0 = 19*q - 21*q + 2*r + 27006. Is q prime?
Fa